{"id":3575,"date":"2025-09-20T06:09:01","date_gmt":"2025-09-20T09:09:01","guid":{"rendered":"https:\/\/escoladoconteudo.com.br\/?page_id=3575"},"modified":"2026-04-28T09:59:53","modified_gmt":"2026-04-28T12:59:53","slug":"bio-link","status":"publish","type":"page","link":"https:\/\/escoladoconteudo.com.br\/index.php\/bio-link\/","title":{"rendered":"BIO LINK &#8211; ATIVO 13\/02"},"content":{"rendered":"\t\t<div data-elementor-type=\"wp-page\" data-elementor-id=\"3575\" class=\"elementor elementor-3575\" data-elementor-settings=\"{&quot;ha_cmc_init_switcher&quot;:&quot;no&quot;}\" data-elementor-post-type=\"page\">\n\t\t\t\t<div class=\"elementor-element elementor-element-7d5abba0 e-flex e-con-boxed e-con e-parent\" data-id=\"7d5abba0\" data-element_type=\"container\" data-settings=\"{&quot;background_background&quot;:&quot;classic&quot;,&quot;_ha_eqh_enable&quot;:false}\">\n\t\t\t\t\t<div class=\"e-con-inner\">\n\t\t<div class=\"elementor-element elementor-element-4f08e2d3 e-con-full e-flex e-con e-child\" data-id=\"4f08e2d3\" data-element_type=\"container\" data-settings=\"{&quot;_ha_eqh_enable&quot;:false}\">\n\t\t\t\t<div class=\"elementor-element elementor-element-63bfa0e8 elementor-hidden-tablet elementor-hidden-mobile elementor-widget elementor-widget-image\" data-id=\"63bfa0e8\" data-element_type=\"widget\" data-widget_type=\"image.default\">\n\t\t\t\t<div class=\"elementor-widget-container\">\n\t\t\t\t\t\t\t\t\t\t\t\t\t\t\t<img fetchpriority=\"high\" decoding=\"async\" width=\"800\" height=\"455\" src=\"https:\/\/escoladoconteudo.com.br\/wp-content\/uploads\/2025\/06\/metodo-1.jpeg\" class=\"attachment-large size-large wp-image-3337\" alt=\"\" srcset=\"https:\/\/escoladoconteudo.com.br\/wp-content\/uploads\/2025\/06\/metodo-1.jpeg 844w, https:\/\/escoladoconteudo.com.br\/wp-content\/uploads\/2025\/06\/metodo-1-300x171.jpeg 300w, https:\/\/escoladoconteudo.com.br\/wp-content\/uploads\/2025\/06\/metodo-1-768x437.jpeg 768w\" sizes=\"(max-width: 800px) 100vw, 800px\" \/>\t\t\t\t\t\t\t\t\t\t\t\t\t\t\t<\/div>\n\t\t\t\t<\/div>\n\t\t\t\t<\/div>\n\t\t<div class=\"elementor-element elementor-element-257e9fe1 e-con-full e-flex e-con e-child\" data-id=\"257e9fe1\" data-element_type=\"container\" data-settings=\"{&quot;_ha_eqh_enable&quot;:false}\">\n\t\t<div class=\"elementor-element elementor-element-2454b2ac e-con-full e-flex e-con e-child\" data-id=\"2454b2ac\" data-element_type=\"container\" data-settings=\"{&quot;_ha_eqh_enable&quot;:false}\">\n\t\t\t\t<div class=\"elementor-element elementor-element-419746c1 elementor-widget elementor-widget-image\" data-id=\"419746c1\" data-element_type=\"widget\" data-widget_type=\"image.default\">\n\t\t\t\t<div class=\"elementor-widget-container\">\n\t\t\t\t\t\t\t\t\t\t\t\t\t\t\t<img decoding=\"async\" width=\"800\" height=\"1000\" src=\"https:\/\/escoladoconteudo.com.br\/wp-content\/uploads\/2025\/09\/6F53D0D0-1551-4D41-AB32-950F5DE47EB7-819x1024.jpeg\" class=\"attachment-large size-large wp-image-3935\" alt=\"\" srcset=\"https:\/\/escoladoconteudo.com.br\/wp-content\/uploads\/2025\/09\/6F53D0D0-1551-4D41-AB32-950F5DE47EB7-819x1024.jpeg 819w, https:\/\/escoladoconteudo.com.br\/wp-content\/uploads\/2025\/09\/6F53D0D0-1551-4D41-AB32-950F5DE47EB7-240x300.jpeg 240w, https:\/\/escoladoconteudo.com.br\/wp-content\/uploads\/2025\/09\/6F53D0D0-1551-4D41-AB32-950F5DE47EB7-768x960.jpeg 768w, https:\/\/escoladoconteudo.com.br\/wp-content\/uploads\/2025\/09\/6F53D0D0-1551-4D41-AB32-950F5DE47EB7-1229x1536.jpeg 1229w, https:\/\/escoladoconteudo.com.br\/wp-content\/uploads\/2025\/09\/6F53D0D0-1551-4D41-AB32-950F5DE47EB7.jpeg 1312w\" sizes=\"(max-width: 800px) 100vw, 800px\" \/>\t\t\t\t\t\t\t\t\t\t\t\t\t\t\t<\/div>\n\t\t\t\t<\/div>\n\t\t\t\t<\/div>\n\t\t\t\t<\/div>\n\t\t<div class=\"elementor-element elementor-element-1e335f09 e-con-full elementor-hidden-tablet elementor-hidden-mobile e-flex e-con e-child\" data-id=\"1e335f09\" data-element_type=\"container\" data-settings=\"{&quot;_ha_eqh_enable&quot;:false}\">\n\t\t\t\t<div class=\"elementor-element elementor-element-f1a593b elementor-widget elementor-widget-heading\" data-id=\"f1a593b\" data-element_type=\"widget\" data-widget_type=\"heading.default\">\n\t\t\t\t<div class=\"elementor-widget-container\">\n\t\t\t\t\t<h2 class=\"elementor-heading-title elementor-size-default\">La\u00eds Santos<\/h2>\t\t\t\t<\/div>\n\t\t\t\t<\/div>\n\t\t\t\t<div class=\"elementor-element elementor-element-e6f8bf7 elementor-widget elementor-widget-heading\" data-id=\"e6f8bf7\" data-element_type=\"widget\" data-widget_type=\"heading.default\">\n\t\t\t\t<div class=\"elementor-widget-container\">\n\t\t\t\t\t<h2 class=\"elementor-heading-title elementor-size-default\">CONTE\u00daDO CRIATIVO<\/h2>\t\t\t\t<\/div>\n\t\t\t\t<\/div>\n\t\t\t\t<\/div>\n\t\t\t\t\t<\/div>\n\t\t\t\t<\/div>\n\t\t<div class=\"elementor-element elementor-element-5d0940ba e-flex e-con-boxed e-con e-parent\" data-id=\"5d0940ba\" data-element_type=\"container\" data-settings=\"{&quot;background_background&quot;:&quot;classic&quot;,&quot;_ha_eqh_enable&quot;:false}\">\n\t\t\t\t\t<div class=\"e-con-inner\">\n\t\t<a class=\"elementor-element elementor-element-306ddd2e e-con-full e-flex e-con e-child\" data-id=\"306ddd2e\" data-element_type=\"container\" data-settings=\"{&quot;background_background&quot;:&quot;classic&quot;,&quot;_ha_eqh_enable&quot;:false}\" href=\"https:\/\/pay.hotmart.com\/F105574823W?checkoutMode=10\">\n\t\t\t\t<\/a>\n\t\t<a class=\"elementor-element elementor-element-7dff980b e-con-full e-flex e-con e-child\" data-id=\"7dff980b\" data-element_type=\"container\" data-settings=\"{&quot;background_background&quot;:&quot;classic&quot;,&quot;_ha_eqh_enable&quot;:false}\" href=\"https:\/\/collshp.com\/laisstns\">\n\t\t\t\t<\/a>\n\t\t<a class=\"elementor-element elementor-element-73433fcc e-con-full e-flex e-con e-child\" data-id=\"73433fcc\" data-element_type=\"container\" data-settings=\"{&quot;background_background&quot;:&quot;classic&quot;,&quot;_ha_eqh_enable&quot;:false}\" href=\"https:\/\/pay.hotmart.com\/L105541735I?checkoutMode=10\">\n\t\t\t\t<\/a>\n\t\t<a class=\"elementor-element elementor-element-a037042 e-con-full e-flex e-con e-child\" data-id=\"a037042\" data-element_type=\"container\" data-settings=\"{&quot;background_background&quot;:&quot;classic&quot;,&quot;_ha_eqh_enable&quot;:false}\" href=\"https:\/\/pay.hotmart.com\/C105575816M?checkoutMode=10&#038;bid=1777381139084\">\n\t\t\t\t<\/a>\n\t\t\t\t\t<\/div>\n\t\t\t\t<\/div>\n\t\t<div class=\"elementor-element elementor-element-10c72d7f e-flex e-con-boxed e-con e-parent\" data-id=\"10c72d7f\" data-element_type=\"container\" data-settings=\"{&quot;_ha_eqh_enable&quot;:false}\">\n\t\t\t\t\t<div class=\"e-con-inner\">\n\t\t\t\t<div class=\"elementor-element elementor-element-4809338a elementor-widget elementor-widget-image\" data-id=\"4809338a\" data-element_type=\"widget\" data-widget_type=\"image.default\">\n\t\t\t\t<div class=\"elementor-widget-container\">\n\t\t\t\t\t\t\t\t\t\t\t\t\t\t\t\t<a href=\"mailto:instalaissilva@gmail.com\">\n\t\t\t\t\t\t\t<img decoding=\"async\" width=\"800\" height=\"143\" src=\"https:\/\/escoladoconteudo.com.br\/wp-content\/uploads\/2025\/09\/bio-banners.png-2.jpeg\" class=\"attachment-large size-large wp-image-3950\" alt=\"\" srcset=\"https:\/\/escoladoconteudo.com.br\/wp-content\/uploads\/2025\/09\/bio-banners.png-2.jpeg 1000w, https:\/\/escoladoconteudo.com.br\/wp-content\/uploads\/2025\/09\/bio-banners.png-2-300x54.jpeg 300w, https:\/\/escoladoconteudo.com.br\/wp-content\/uploads\/2025\/09\/bio-banners.png-2-768x137.jpeg 768w\" sizes=\"(max-width: 800px) 100vw, 800px\" \/>\t\t\t\t\t\t\t\t<\/a>\n\t\t\t\t\t\t\t\t\t\t\t\t\t\t\t<\/div>\n\t\t\t\t<\/div>\n\t\t\t\t\t<\/div>\n\t\t\t\t<\/div>\n\t\t<div class=\"elementor-element elementor-element-468186ad e-flex e-con-boxed e-con e-parent\" data-id=\"468186ad\" data-element_type=\"container\" data-settings=\"{&quot;background_background&quot;:&quot;classic&quot;,&quot;_ha_eqh_enable&quot;:false}\">\n\t\t\t\t\t<div class=\"e-con-inner\">\n\t\t<div class=\"elementor-element elementor-element-3ad26d67 e-con-full e-flex e-con e-child\" data-id=\"3ad26d67\" data-element_type=\"container\" data-settings=\"{&quot;_ha_eqh_enable&quot;:false}\">\n\t\t\t\t<div class=\"elementor-element elementor-element-1039835c elementor-widget-mobile__width-initial elementor-view-default elementor-widget elementor-widget-icon\" data-id=\"1039835c\" data-element_type=\"widget\" data-widget_type=\"icon.default\">\n\t\t\t\t<div class=\"elementor-widget-container\">\n\t\t\t\t\t\t\t<div class=\"elementor-icon-wrapper\">\n\t\t\t<a class=\"elementor-icon\" href=\"https:\/\/www.instagram.com\/laisstns\/\">\n\t\t\t<svg aria-hidden=\"true\" class=\"e-font-icon-svg e-fab-instagram\" viewBox=\"0 0 448 512\" xmlns=\"http:\/\/www.w3.org\/2000\/svg\"><path d=\"M224.1 141c-63.6 0-114.9 51.3-114.9 114.9s51.3 114.9 114.9 114.9S339 319.5 339 255.9 287.7 141 224.1 141zm0 189.6c-41.1 0-74.7-33.5-74.7-74.7s33.5-74.7 74.7-74.7 74.7 33.5 74.7 74.7-33.6 74.7-74.7 74.7zm146.4-194.3c0 14.9-12 26.8-26.8 26.8-14.9 0-26.8-12-26.8-26.8s12-26.8 26.8-26.8 26.8 12 26.8 26.8zm76.1 27.2c-1.7-35.9-9.9-67.7-36.2-93.9-26.2-26.2-58-34.4-93.9-36.2-37-2.1-147.9-2.1-184.9 0-35.8 1.7-67.6 9.9-93.9 36.1s-34.4 58-36.2 93.9c-2.1 37-2.1 147.9 0 184.9 1.7 35.9 9.9 67.7 36.2 93.9s58 34.4 93.9 36.2c37 2.1 147.9 2.1 184.9 0 35.9-1.7 67.7-9.9 93.9-36.2 26.2-26.2 34.4-58 36.2-93.9 2.1-37 2.1-147.8 0-184.8zM398.8 388c-7.8 19.6-22.9 34.7-42.6 42.6-29.5 11.7-99.5 9-132.1 9s-102.7 2.6-132.1-9c-19.6-7.8-34.7-22.9-42.6-42.6-11.7-29.5-9-99.5-9-132.1s-2.6-102.7 9-132.1c7.8-19.6 22.9-34.7 42.6-42.6 29.5-11.7 99.5-9 132.1-9s102.7-2.6 132.1 9c19.6 7.8 34.7 22.9 42.6 42.6 11.7 29.5 9 99.5 9 132.1s2.7 102.7-9 132.1z\"><\/path><\/svg>\t\t\t<\/a>\n\t\t<\/div>\n\t\t\t\t\t\t<\/div>\n\t\t\t\t<\/div>\n\t\t\t\t<\/div>\n\t\t<div class=\"elementor-element elementor-element-634e30bd e-con-full e-flex e-con e-child\" data-id=\"634e30bd\" data-element_type=\"container\" data-settings=\"{&quot;background_background&quot;:&quot;classic&quot;,&quot;_ha_eqh_enable&quot;:false}\">\n\t\t\t\t<div class=\"elementor-element elementor-element-fc9fd1b elementor-view-default elementor-widget elementor-widget-icon\" data-id=\"fc9fd1b\" data-element_type=\"widget\" data-widget_type=\"icon.default\">\n\t\t\t\t<div class=\"elementor-widget-container\">\n\t\t\t\t\t\t\t<div class=\"elementor-icon-wrapper\">\n\t\t\t<a class=\"elementor-icon\" href=\"https:\/\/www.tiktok.com\/@laisstosilva\">\n\t\t\t<i aria-hidden=\"true\" class=\"huge huge-tiktok\"><\/i>\t\t\t<\/a>\n\t\t<\/div>\n\t\t\t\t\t\t<\/div>\n\t\t\t\t<\/div>\n\t\t\t\t<\/div>\n\t\t<div class=\"elementor-element elementor-element-6f80a8ed e-con-full e-flex e-con e-child\" data-id=\"6f80a8ed\" data-element_type=\"container\" data-settings=\"{&quot;_ha_eqh_enable&quot;:false}\">\n\t\t\t\t<div class=\"elementor-element elementor-element-3746e461 elementor-view-default elementor-widget elementor-widget-icon\" data-id=\"3746e461\" data-element_type=\"widget\" data-widget_type=\"icon.default\">\n\t\t\t\t<div class=\"elementor-widget-container\">\n\t\t\t\t\t\t\t<div class=\"elementor-icon-wrapper\">\n\t\t\t<a class=\"elementor-icon\" href=\"https:\/\/www.youtube.com\/@Laissnts\">\n\t\t\t<i aria-hidden=\"true\" class=\"icon icon-youtube-1\"><\/i>\t\t\t<\/a>\n\t\t<\/div>\n\t\t\t\t\t\t<\/div>\n\t\t\t\t<\/div>\n\t\t\t\t<\/div>\n\t\t\t\t\t<\/div>\n\t\t\t\t<\/div>\n\t\t<div class=\"elementor-element elementor-element-7f06102 e-flex e-con-boxed e-con e-parent\" data-id=\"7f06102\" data-element_type=\"container\" data-settings=\"{&quot;background_background&quot;:&quot;classic&quot;,&quot;_ha_eqh_enable&quot;:false}\">\n\t\t\t\t\t<div class=\"e-con-inner\">\n\t\t<div class=\"elementor-element elementor-element-428dfe9 e-con-full e-flex e-con e-child\" data-id=\"428dfe9\" data-element_type=\"container\" data-settings=\"{&quot;_ha_eqh_enable&quot;:false}\">\n\t\t<div class=\"elementor-element elementor-element-10961c1f e-con-full elementor-hidden-desktop e-flex e-con e-child\" data-id=\"10961c1f\" data-element_type=\"container\" data-settings=\"{&quot;_ha_eqh_enable&quot;:false}\">\n\t\t\t\t<div class=\"elementor-element elementor-element-2dc7427a elementor-widget elementor-widget-heading\" data-id=\"2dc7427a\" data-element_type=\"widget\" data-widget_type=\"heading.default\">\n\t\t\t\t<div class=\"elementor-widget-container\">\n\t\t\t\t\t<h2 class=\"elementor-heading-title elementor-size-default\">La\u00eds Santos<\/h2>\t\t\t\t<\/div>\n\t\t\t\t<\/div>\n\t\t\t\t<div class=\"elementor-element elementor-element-7a6d6966 elementor-widget elementor-widget-heading\" data-id=\"7a6d6966\" data-element_type=\"widget\" data-widget_type=\"heading.default\">\n\t\t\t\t<div class=\"elementor-widget-container\">\n\t\t\t\t\t<h2 class=\"elementor-heading-title elementor-size-default\">CONTE\u00daDO CRIATIVO<\/h2>\t\t\t\t<\/div>\n\t\t\t\t<\/div>\n\t\t\t\t<\/div>\n\t\t\t\t<\/div>\n\t\t\t\t<div class=\"elementor-element elementor-element-32ed00e7 elementor-widget elementor-widget-text-editor\" data-id=\"32ed00e7\" data-element_type=\"widget\" data-widget_type=\"text-editor.default\">\n\t\t\t\t<div class=\"elementor-widget-container\">\n\t\t\t\t\t\t\t\t\t<p style=\"text-align: center;\">Todos os direitos reservados.<\/p>\t\t\t\t\t\t\t\t<\/div>\n\t\t\t\t<\/div>\n\t\t\t\t\t<\/div>\n\t\t\t\t<\/div>\n\t\t\t\t<\/div>\n\t\t","protected":false},"excerpt":{"rendered":"<p>La\u00eds Santos CONTE\u00daDO CRIATIVO La\u00eds Santos CONTE\u00daDO CRIATIVO Todos os direitos reservados.<\/p>\n","protected":false},"author":1,"featured_media":0,"parent":0,"menu_order":0,"comment_status":"closed","ping_status":"closed","template":"elementor_canvas","meta":{"footnotes":""},"_links":{"self":[{"href":"https:\/\/escoladoconteudo.com.br\/index.php\/wp-json\/wp\/v2\/pages\/3575"}],"collection":[{"href":"https:\/\/escoladoconteudo.com.br\/index.php\/wp-json\/wp\/v2\/pages"}],"about":[{"href":"https:\/\/escoladoconteudo.com.br\/index.php\/wp-json\/wp\/v2\/types\/page"}],"author":[{"embeddable":true,"href":"https:\/\/escoladoconteudo.com.br\/index.php\/wp-json\/wp\/v2\/users\/1"}],"replies":[{"embeddable":true,"href":"https:\/\/escoladoconteudo.com.br\/index.php\/wp-json\/wp\/v2\/comments?post=3575"}],"version-history":[{"count":260,"href":"https:\/\/escoladoconteudo.com.br\/index.php\/wp-json\/wp\/v2\/pages\/3575\/revisions"}],"predecessor-version":[{"id":4522,"href":"https:\/\/escoladoconteudo.com.br\/index.php\/wp-json\/wp\/v2\/pages\/3575\/revisions\/4522"}],"wp:attachment":[{"href":"https:\/\/escoladoconteudo.com.br\/index.php\/wp-json\/wp\/v2\/media?parent=3575"}],"curies":[{"name":"wp","href":"https:\/\/api.w.org\/{rel}","templated":true}]}}